ue
Is 41266283 a composite number?
True
Is 8472291 a composite number?
True
Is 21938431 a prime number?
False
Is 13043561 a prime number?
True
Is 2902331 a prime number?
False
Is 1561577 composite?
False
Is 25892567 a composite number?
True
Is 1363457 prime?
False
Is 141590663 prime?
True
Is 340974091 a composite number?
True
Is 68263719 a composite number?
True
Is 9672538 a composite number?
True
Is 3115691 prime?
False
Is 10167511 a composite number?
True
Is 5483711 a prime number?
True
Is 814871 composite?
True
Is 113208013 composite?
True
Is 38382989 prime?
True
Is 563817811 prime?
True
Is 1935495523 a composite number?
True
Is 3618649 prime?
False
Is 254472373 a composite number?
True
Is 207671317 prime?
False
Is 362393 composite?
False
Is 385501 prime?
True
Is 1011131 composite?
True
Is 360552523 prime?
True
Is 3537829 composite?
True
Is 866843 a prime number?
True
Is 90072607 composite?
True
Is 12114029 prime?
False
Is 18538397 a prime number?
False
Is 5181641 a prime number?
True
Is 632449 prime?
False
Is 5719411 a prime number?
False
Is 23145611 prime?
True
Is 659326858 a prime number?
False
Is 8255993 a composite number?
True
Is 55197877 prime?
False
Is 2266679 composite?
False
Is 46827479 composite?
False
Is 50964373 prime?
True
Is 342586661 a composite number?
False
Is 56438927 a prime number?
False
Is 6729829 a composite number?
False
Is 16000969 composite?
True
Is 5315879 a composite number?
False
Is 8157379 a composite number?
False
Is 4964461 a composite number?
False
Is 140099 composite?
True
Is 8342431 a prime number?
True
Is 82721 prime?
True
Is 125334257 composite?
False
Is 9066839 composite?
True
Is 2734967 a composite number?
False
Is 142151 a prime number?
True
Is 49009313 a composite number?
False
Is 25452871 prime?
True
Is 3199307 a prime number?
True
Is 396803 composite?
True
Is 369602113 prime?
False
Is 26965509 a composite number?
True
Is 170436173 prime?
True
Is 16447657 prime?
True
Is 10451803 composite?
True
Is 2603989 a composite number?
True
Is 1521677 prime?
True
Is 135602957 composite?
True
Is 997947695 a composite number?
True
Is 384051713 prime?
True
Is 26209789 composite?
False
Is 6136901 prime?
True
Is 65876453 a composite number?
True
Is 6612535 prime?
False
Is 15447227 composite?
True
Is 4080301 a composite number?
False
Is 1102121 a composite number?
True
Is 784883 prime?
False
Is 103803019 a composite number?
True
Is 4168301 prime?
True
Is 14275713 a prime number?
False
Is 2803765 composite?
True
Is 6667337 a prime number?
True
Is 81686081 a composite number?
False
Is 63374933 prime?
False
Is 568493 a composite number?
False
Is 19052213 a prime number?
True
Is 15167062 a prime number?
False
Is 3261211 composite?
False
Is 33272533 a composite number?
True
Is 192053483 a prime number?
False
Is 2855543 composite?
True
Is 5594219 composite?
False
Is 241084171 a composite number?
False
Is 2347717 a prime number?
False
Is 5867426 prime?
False
Is 174527 a composite number?
False
Is 72830491 a composite number?
False
Is 11127995 a prime number?
False
Is 22262249 prime?
True
Is 18009583 a prime number?
True
Is 4868651 a composite number?
False
Is 2728853 a prime number?
True
Is 848959 a composite number?
False
Is 1758509 prime?
False
Is 4545361 a prime number?
True
Is 2281871 a composite number?
True
Is 627425737 a composite number?
True
Is 5140237 composite?
False
Is 316589887 a prime number?
False
Is 127865741 composite?
True
Is 14719247 a prime number?
True
Is 7000753 composite?
True
Is 1524977 prime?
False
Is 52439811 composite?
True
Is 28930613 a prime number?
True
Is 11346862 a composite number?
True
Is 5642909 a composite number?
False
Is 1452427 a prime number?
False
Is 126287159 composite?
True
Is 270051779 a composite number?
False
Is 3525901 a prime number?
False
Is 262018 a composite number?
True
Is 46551979 a prime number?
False
Is 2482049 prime?
True
Is 44401061 a composite number?
False
Is 139976153 a composite number?
False
Is 306209 prime?
True
Is 132592787 a composite number?
False
Is 411077587 composite?
False
Is 3378589 prime?
True
Is 199079 prime?
False
Is 23570201 prime?
True
Is 1704158 a prime number?
False
Is 100082371 composite?
True
Is 2320361 a composite number?
False
Is 31224259 prime?
False
Is 19264153 prime?
False
Is 217849 a prime number?
True
Is 304933619 a composite number?
True
Is 20439943 prime?
False
Is 2493221 a composite number?
False
Is 3802151 prime?
True
Is 113238665 composite?
True
Is 14666803 prime?
False
Is 936175219 a prime number?
False
Is 242309 a prime number?
True
Is 2953243 a prime number?
True
Is 45452453 composite?
False
Is 2453161 a composite number?
True
Is 1898437 a prime number?
False
Is 15562909 composite?
False
Is 36923801 a prime number?
True
Is 18165991 a prime number?
True
Is 544154693 prime?
True
Is 887423 a prime number?
True
Is 24741643 a composite number?
False
Is 100033 composite?
True
Is 1070557 prime?
True
Is 1686239 composite?
False
Is 2376701 composite?
True
Is 94777255 prime?
False
Is 703295 composite?
True
Is 49486673 a prime number?
False
Is 341519302 composite?
True
Is 60650773 a prime number?
False
Is 133646933 a composite number?
True
Is 2863247 composite?
True
Is 211669787 a prime number?
False
Is 426971177 a prime number?
True
Is 2429447 a prime number?
False
Is 437785603 a prime number?
True
Is 1779007 a composite number?
False
Is 26808319 composite?
False
Is 14989263 prime?
False
Is 370931 a composite number?
True
Is 1192921 prime?
False
Is 248821003 prime?
True
Is 8770651 a prime number?
False
Is 1362287 composite?
False
Is 34339867 prime?
False
Is 19843067 composite?
False
Is 6343718 composite?
True
Is 58985989 composite?
False
Is 39180913 a prime number?
True
Is 261463 a prime number?
True
Is 595061 a composite number?
True
Is 215833421 composite?
False
Is 100890691 a prime number?
False
Is 33497873 prime?
True
Is 921397 composite?
True
Is 301509953 a composite number?
False
Is 145055311 a prime number?
True
Is 776729 composite?
False
Is 259429847 prime?
True
Is 212723501 a composite number?
False
Is 41894849 a prime number?
True
Is 8978459 prime?
False
Is 27184907 prime?
False
Is 1833103 composite?
True
Is 21049109 a prime number?
False
Is 61148317 a prime number?
False
Is 989579 a prime number?
True
Is 500759 a prime number?
False
Is 520479831 a prime number?
False
Is 78703349 prime?
False
Is 2066349349 a composite number?
False
Is 124919 prime?
True
Is 15079307 prime?
False
Is 3596393 a composite number?
True
Is 256570151 composite?
False
Is 1665599971 prime?
False
Is 15347303 prime?
True
Is 229153 a prime number?
True
Is 2331001 composite?
True
Is 5521543 prime?
True
Is 4214339 a composite number?
True
Is 5042902 a composite number?
True
Is 68600611 prime?
True
Is 4277957 prime?
True
Is 42269621 a composite number?
False
Is 96620597 composite?
True
Is 15947683 prime?
False
Is 86382211 a composite number?
True
Is 6510107 prime?
True
Is 18809369 composite?
False
Is 4802209 prime?
True
Is 140002087 composite?
True
Is 88822673 a composite number?
True
Is 1553969 prime?
False
Is 21912773 prime?
True
Is 9703559 composite?
True
Is 48330911 a prime number?
True
Is 378285107 composite?
False
Is 4181321 composite?
False
Is 41304167 a composite number?
True
Is 18940289 a composite number?
True
Is 8756833 a prime number?
False
Is 6680569 composite?
True
Is 47702813 composite?
False
Is 172700026 prime?
False
Is 5816387 a composite number?
False
Is 1816213 a composite number?
True
Is 32213719 a prime number?
True
Is 102968029 composite?
True
Is 29976197 prime?
False
Is 261485123 a composite number?
False
Is 475544933 composite?
False
Is 100154381 a prime number?
True
Is 3539771 a composite number?
True
Is 8812163 composite?
True
Is 8263733 composite?
False
Is 99158155 a composite number?
True
Is 2174533 a prime number?
True
Is 27109877 composite?
True
Is 20437 a composite number?
True
Is 706687 a prime number?
False
Is 1021249 a prime number?
False
Is 11899243 prime?
True
Is 76805203 composite?
False
Is 2140357 a composite number?
True
Is 7033031 prime?
True
Is 17656931 composite?
True
Is 256342459 composite?
False
Is 538199 composite?
False
Is 11341903 a composite number?
True
Is 19471927 a composite number?
False
Is 15413561 prime?